{"id":6003,"date":"2024-08-05T11:29:16","date_gmt":"2024-08-05T14:29:16","guid":{"rendered":"https:\/\/www.teno.cl\/portal2\/?page_id=6003"},"modified":"2025-04-28T18:36:17","modified_gmt":"2025-04-28T21:36:17","slug":"cosoc","status":"publish","type":"page","link":"https:\/\/www.teno.cl\/portal2\/cosoc\/","title":{"rendered":"Cosoc anterior"},"content":{"rendered":"\t\t<div data-elementor-type=\"wp-page\" data-elementor-id=\"6003\" class=\"elementor elementor-6003\" data-elementor-post-type=\"page\">\n\t\t\t\t\t\t<section class=\"elementor-section elementor-top-section elementor-element elementor-element-2d36d031 elementor-section-boxed elementor-section-height-default elementor-section-height-default\" data-id=\"2d36d031\" data-element_type=\"section\" data-e-type=\"section\">\n\t\t\t\t\t\t<div class=\"elementor-container elementor-column-gap-default\">\n\t\t\t\t\t<div class=\"elementor-column elementor-col-100 elementor-top-column elementor-element elementor-element-5cfce3a\" data-id=\"5cfce3a\" data-element_type=\"column\" data-e-type=\"column\">\n\t\t\t<div class=\"elementor-widget-wrap elementor-element-populated\">\n\t\t\t\t\t\t<div class=\"elementor-element elementor-element-9feedb1 elementor-widget elementor-widget-text-editor\" data-id=\"9feedb1\" data-element_type=\"widget\" data-e-type=\"widget\" data-widget_type=\"text-editor.default\">\n\t\t\t\t<div class=\"elementor-widget-container\">\n\t\t\t\t\t\t\t\t\t\n<p>El Consejo de la Sociedad Civil (COSOC) es una instancia de participaci\u00f3n ciudadana conformada de manera\u00a0<strong>diversa, representativa, pluralista, paritaria y descentralizada<\/strong>. Es de car\u00e1cter\u00a0<strong>consultivo, deliberativo y no vinculante.<\/strong><\/p>\n\t\t\t\t\t\t\t\t<\/div>\n\t\t\t\t<\/div>\n\t\t\t\t\t<\/div>\n\t\t<\/div>\n\t\t\t\t\t<\/div>\n\t\t<\/section>\n\t\t\t\t<section class=\"elementor-section elementor-top-section elementor-element elementor-element-eab268d elementor-section-boxed elementor-section-height-default elementor-section-height-default\" data-id=\"eab268d\" data-element_type=\"section\" data-e-type=\"section\">\n\t\t\t\t\t\t<div class=\"elementor-container elementor-column-gap-default\">\n\t\t\t\t\t<div class=\"elementor-column elementor-col-100 elementor-top-column elementor-element elementor-element-7a6a20a\" data-id=\"7a6a20a\" data-element_type=\"column\" data-e-type=\"column\">\n\t\t\t<div class=\"elementor-widget-wrap elementor-element-populated\">\n\t\t\t\t\t\t<div class=\"elementor-element elementor-element-5fb4932 elementor-widget elementor-widget-text-editor\" data-id=\"5fb4932\" data-element_type=\"widget\" data-e-type=\"widget\" data-widget_type=\"text-editor.default\">\n\t\t\t\t<div class=\"elementor-widget-container\">\n\t\t\t\t\t\t\t\t\t<p><label class=\"q-my-sm\" data-v-6480d0c4=\"\">El Consejo Comunal de Organizaciones de la Sociedad Civil de la Sociedad Civil es un \u00f3rgano de participaci\u00f3n ciudadana de la Ilustre Municipalidad de Teno \u2013que reemplaza al Consejo Econ\u00f3mico Social Comunal (CESCO) y cuyo objetivo es asegurar la la colaboraci\u00f3n y participaci\u00f3n de la comunidad local en el progreso econ\u00f3mico, social y cultural de la comuna.<\/label><\/p>\n<p><label class=\"q-my-sm\" data-v-6480d0c4=\"\">Funciones: Al Consejo le corresponder\u00e1 \u2013 entre otras funciones y atribuciones \u2013 pronunciarse sobre la Cuenta P\u00fablica que el Alcalde efect\u00faa anualmente de su gesti\u00f3n; sobre la cobertura y eficiencia de los servicios municipales y podr\u00e1 solicitar un Plebiscito Comunal respecto a inversiones espec\u00edficas de desarrollo comunal, aprobaci\u00f3n o modificaci\u00f3n del Plan Regulador y otros temas de inter\u00e9s para la comunidad local.<\/label><\/p>\t\t\t\t\t\t\t\t<\/div>\n\t\t\t\t<\/div>\n\t\t\t\t\t<\/div>\n\t\t<\/div>\n\t\t\t\t\t<\/div>\n\t\t<\/section>\n\t\t\t\t<section class=\"elementor-section elementor-top-section elementor-element elementor-element-1c3b082 elementor-section-boxed elementor-section-height-default elementor-section-height-default\" data-id=\"1c3b082\" data-element_type=\"section\" data-e-type=\"section\">\n\t\t\t\t\t\t<div class=\"elementor-container elementor-column-gap-default\">\n\t\t\t\t\t<div class=\"elementor-column elementor-col-100 elementor-top-column elementor-element elementor-element-4a96660\" data-id=\"4a96660\" data-element_type=\"column\" data-e-type=\"column\">\n\t\t\t<div class=\"elementor-widget-wrap elementor-element-populated\">\n\t\t\t\t\t\t<div class=\"elementor-element elementor-element-9d44d84 elementor-widget elementor-widget-eael-adv-accordion\" data-id=\"9d44d84\" data-element_type=\"widget\" data-e-type=\"widget\" data-widget_type=\"eael-adv-accordion.default\">\n\t\t\t\t<div class=\"elementor-widget-container\">\n\t\t\t\t\t            <div class=\"eael-adv-accordion\" id=\"eael-adv-accordion-9d44d84\" data-scroll-on-click=\"no\" data-scroll-speed=\"300\" data-accordion-id=\"9d44d84\" data-accordion-type=\"accordion\" data-toogle-speed=\"300\">\n            <div class=\"eael-accordion-list\">\n\t\t\t\t\t<div id=\"perodo-2017-2021\" class=\"elementor-tab-title eael-accordion-header\" tabindex=\"0\" data-tab=\"1\" aria-controls=\"elementor-tab-content-1641\"><span class=\"eael-advanced-accordion-icon-closed\"><i aria-hidden=\"true\" class=\"fa-accordion-icon fas fa-plus\"><\/i><\/span><span class=\"eael-advanced-accordion-icon-opened\"><i aria-hidden=\"true\" class=\"fa-accordion-icon fas fa-minus\"><\/i><\/span><span class=\"eael-accordion-tab-title\">Per\u00edodo 2017-2021<\/span><i aria-hidden=\"true\" class=\"fa-toggle fas fa-angle-right\"><\/i><\/div><div id=\"elementor-tab-content-1641\" class=\"eael-accordion-content clearfix\" data-tab=\"1\" aria-labelledby=\"perodo-2017-2021\"><ul>\n<li><a href=\"http:\/\/www.transparenciateno.cl\/teno\/Cosoc\/REGLAMENTO%20COSOC%20TENO.pdf\">REGLAMENTO<\/a><\/li>\n<li><a href=\"http:\/\/www.transparenciateno.cl\/teno\/Cosoc\/ACTA%20ELECCION%20ESTAMENTO%20ACTIVIDADES%20RELEVANTES.pdf\">ACTA ELECCI\u00d3N ESTAMENTO ACTIVIDADES RELEVANTES<\/a><\/li>\n<li><a href=\"http:\/\/www.transparenciateno.cl\/teno\/Cosoc\/ACTA%20ELECCION%20ESTAMENTO%20ORGANIZACIONES%20TERRITORIALES.pdf\">ACTA ELECCION ESTAMENTO ORG. TERRITORIALES<\/a><\/li>\n<li><a href=\"http:\/\/www.transparenciateno.cl\/teno\/Cosoc\/ACTA%20ELECCION%20ESTAMENTO%20DE%20ORGANIZACIONES%20SINDICALES.pdf\">ACTA ELECCION ESTAMENTO ORG. SINDICALES<\/a><\/li>\n<li><a href=\"http:\/\/www.transparenciateno.cl\/teno\/Cosoc\/ACTA%20ELECCION%20ESTAMENTO%20ORGANIZACIONES%20LEY%2019253.pdf\">ACTA ELECCION ESTAMENTO ORG. LEY 19253<\/a><\/li>\n<li><a href=\"http:\/\/www.transparenciateno.cl\/teno\/Cosoc\/ACTA%20ELECCION%20ESTAMENTO%20DE%20ORGANIZACIONES%20DE%20INTERES%20PUBLICO.pdf\">ACTA ELECCION ESTAMENTO ORG. INTERES PUBLICO<\/a><\/li>\n<li><a href=\"http:\/\/www.transparenciateno.cl\/teno\/Cosoc\/ACTA%20ELECCION%20ESTAMENTO%20ORGANIZACIONES%20FUNCIONALES.pdf\">ACTA ELECCION ESTAMENTO ORG. FUNCIONALES<\/a><\/li>\n<li><a href=\"http:\/\/www.transparenciateno.cl\/teno\/Cosoc\/ACTA%20ELECCION%20ESTAMENTO%20DE%20ASOCIACIONES%20GREMIALES.pdf\">ACTA ELECCION ESTAMENTO ASOC GREMIALES<\/a><\/li>\n<li><a href=\"http:\/\/www.transparenciateno.cl\/teno\/Cosoc\/ACTA%20DE%20PROCLAMACION%20DE%20CONSEJERO%20TITULARES%20Y%20SUPLENTES.pdf\">ACTA DE PROCLAMACI\u00d3N<\/a><\/li>\n<li><a href=\"http:\/\/www.transparenciateno.cl\/teno\/Cosoc\/ACTA%20DE%20INSTALACION.pdf\">ACTA DE INSTALACI\u00d3N<\/a><\/li>\n<li><a href=\"http:\/\/www.transparenciateno.cl\/teno\/Cosoc\/2017\/ACTA%20SESION%20ORDINARIA%20N%201.pdf\">ACTA SESI\u00d3N ORDINARIA N\u00ba 1<\/a><\/li>\n<li><a href=\"http:\/\/www.transparenciateno.cl\/teno\/Cosoc\/2017\/ACTA%20SESION%20ORDINARIA%20N%202.pdf\">ACTA SESI\u00d3N ORDINARIA N\u00ba 2<\/a><\/li>\n<li><a href=\"http:\/\/www.transparenciateno.cl\/teno\/Cosoc\/2017\/ACTA%20SESION%20ORDINARIA%20N%203.pdf\">ACTA SESI\u00d3N ORDINARIA N\u00ba 3<\/a><\/li>\n<li><a href=\"http:\/\/www.transparenciateno.cl\/teno\/Cosoc\/2017\/ACTA%20SESION%20ORDINARIA%20N%204.pdf\">ACTA SESI\u00d3N ORDINARIA N\u00ba 4<\/a><\/li>\n<li><a href=\"http:\/\/www.transparenciateno.cl\/teno\/Cosoc\/2018\/ACTA%20SESION%20ORDINARIA%20N%205.pdf\">ACTA SESI\u00d3N ORDINARIA N\u00ba 5<\/a><\/li>\n<li><a href=\"http:\/\/www.transparenciateno.cl\/teno\/Cosoc\/2018\/ACTA%20SESION%20ORDINARIA%20N%206.pdf\">ACTA SESI\u00d3N ORDINARIA N\u00ba 6<\/a><\/li>\n<li><a href=\"http:\/\/www.transparenciateno.cl\/teno\/Cosoc\/2018\/ACTA%20SESION%20ORDINARIA%20N%207.pdf\">ACTA SESI\u00d3N ORDINARIA N\u00ba 7<\/a><\/li>\n<li><a href=\"http:\/\/www.transparenciateno.cl\/teno\/Cosoc\/2018\/ACTA%20SESION%20ORDINARIA%20N%208.pdf\">ACTA SESI\u00d3N ORDINARIA N\u00ba 8<\/a><\/li>\n<li><a href=\"http:\/\/www.transparenciateno.cl\/teno\/Cosoc\/2019\/ACTA%20SESION%20ORDINARIA%20N%209.pdf\">ACTA SESI\u00d3N ORDINARIA N\u00ba 9<\/a><\/li>\n<li><a href=\"http:\/\/www.transparenciateno.cl\/teno\/Cosoc\/2019\/ACTA%20SESION%20ORDINARIA%20N%2010.pdf\">ACTA SESI\u00d3N ORDINARIA N\u00ba 10<\/a><\/li>\n<li><a href=\"http:\/\/www.transparenciateno.cl\/teno\/Cosoc\/2019\/ACTA%20SESION%20ORDINARIA%20N%2011.pdf\">ACTA SESI\u00d3N ORDINARIA N\u00ba 11<\/a><\/li>\n<li><a href=\"http:\/\/www.transparenciateno.cl\/teno\/Cosoc\/2020\/ACTA%20SESION%20EXTRA%20ORDINARIA%20N%202.pdf\">ACTA SESI\u00d3N EXTRA ORDINARIA N\u00ba 2<\/a><\/li>\n<li><a href=\"http:\/\/www.transparenciateno.cl\/teno\/Cosoc\/2020\/ACTA%20SESION%20ORDINARIA%20N%2014.pdf\">ACTA SESI\u00d3N ORDINARIA N\u00ba 14<\/a><\/li>\n<\/ul><\/div>\n\t\t\t\t\t<\/div><div class=\"eael-accordion-list\">\n\t\t\t\t\t<div id=\"juntas-de-vecinos-y-organizaciones-comunitarias-ley-n-21146\" class=\"elementor-tab-title eael-accordion-header\" tabindex=\"0\" data-tab=\"2\" aria-controls=\"elementor-tab-content-1642\"><span class=\"eael-advanced-accordion-icon-closed\"><i aria-hidden=\"true\" class=\"fa-accordion-icon fas fa-plus\"><\/i><\/span><span class=\"eael-advanced-accordion-icon-opened\"><i aria-hidden=\"true\" class=\"fa-accordion-icon fas fa-minus\"><\/i><\/span><span class=\"eael-accordion-tab-title\">Juntas de Vecinos y Organizaciones Comunitarias \u2013 Ley N\u00b0 21.146<\/span><i aria-hidden=\"true\" class=\"fa-toggle fas fa-angle-right\"><\/i><\/div><div id=\"elementor-tab-content-1642\" class=\"eael-accordion-content clearfix\" data-tab=\"2\" aria-labelledby=\"juntas-de-vecinos-y-organizaciones-comunitarias-ley-n-21146\"><ul>\n<li><a href=\"https:\/\/ley21146.msgg.gob.cl\/\" target=\"_blank\" rel=\"noopener\">Mas informaci\u00f3n y otros tr\u00e1mites<\/a><\/li>\n<li><a href=\"https:\/\/www.bcn.cl\/leychile\/navegar?idNorma=1023143&amp;idParte=9111258&amp;idVersion=2011-02-16\" target=\"_blank\" rel=\"noopener\">Participaci\u00f3n Ciudadana \u2013 Ley 20.500<\/a><\/li>\n<\/ul><\/div>\n\t\t\t\t\t<\/div><\/div>\t\t\t\t<\/div>\n\t\t\t\t<\/div>\n\t\t\t\t\t<\/div>\n\t\t<\/div>\n\t\t\t\t\t<\/div>\n\t\t<\/section>\n\t\t\t\t<section class=\"elementor-section elementor-top-section elementor-element elementor-element-f2304da elementor-section-boxed elementor-section-height-default elementor-section-height-default\" data-id=\"f2304da\" data-element_type=\"section\" data-e-type=\"section\">\n\t\t\t\t\t\t<div class=\"elementor-container elementor-column-gap-default\">\n\t\t\t\t\t<div class=\"elementor-column elementor-col-100 elementor-top-column elementor-element elementor-element-feebd69\" data-id=\"feebd69\" data-element_type=\"column\" data-e-type=\"column\">\n\t\t\t<div class=\"elementor-widget-wrap elementor-element-populated\">\n\t\t\t\t\t\t<div class=\"elementor-element elementor-element-2423c87 elementor-widget elementor-widget-spacer\" data-id=\"2423c87\" data-element_type=\"widget\" data-e-type=\"widget\" data-widget_type=\"spacer.default\">\n\t\t\t\t<div class=\"elementor-widget-container\">\n\t\t\t\t\t\t\t<div class=\"elementor-spacer\">\n\t\t\t<div class=\"elementor-spacer-inner\"><\/div>\n\t\t<\/div>\n\t\t\t\t\t\t<\/div>\n\t\t\t\t<\/div>\n\t\t\t\t\t<\/div>\n\t\t<\/div>\n\t\t\t\t\t<\/div>\n\t\t<\/section>\n\t\t\t\t<\/div>\n\t\t","protected":false},"excerpt":{"rendered":"<p>El Consejo de la Sociedad Civil (COSOC) es una instancia de participaci\u00f3n ciudadana conformada de manera\u00a0diversa, representativa, pluralista, paritaria y descentralizada. Es de car\u00e1cter\u00a0consultivo, deliberativo y no vinculante. El Consejo Comunal de Organizaciones de la Sociedad Civil de la Sociedad Civil es un \u00f3rgano de participaci\u00f3n ciudadana de la Ilustre Municipalidad de Teno \u2013que reemplaza &hellip;<\/p>\n<p class=\"read-more\"> <a class=\"\" href=\"https:\/\/www.teno.cl\/portal2\/cosoc\/\"> <span class=\"screen-reader-text\">Cosoc anterior<\/span> Read More &raquo;<\/a><\/p>\n","protected":false},"author":1,"featured_media":0,"parent":0,"menu_order":0,"comment_status":"closed","ping_status":"closed","template":"","meta":{"_uag_custom_page_level_css":"","site-sidebar-layout":"default","site-content-layout":"default","ast-global-header-display":"","ast-main-header-display":"","ast-hfb-above-header-display":null,"ast-hfb-below-header-display":null,"ast-hfb-mobile-header-display":null,"site-post-title":"","ast-breadcrumbs-content":"","ast-featured-img":"","footer-sml-layout":"","theme-transparent-header-meta":"","adv-header-id-meta":null,"stick-header-meta":null,"header-above-stick-meta":null,"header-main-stick-meta":null,"header-below-stick-meta":null,"footnotes":""},"class_list":["post-6003","page","type-page","status-publish","hentry"],"uagb_featured_image_src":{"full":false,"thumbnail":false,"medium":false,"medium_large":false,"large":false,"1536x1536":false,"2048x2048":false},"uagb_author_info":{"display_name":"teno2022","author_link":"https:\/\/www.teno.cl\/portal2\/author\/teno2022\/"},"uagb_comment_info":0,"uagb_excerpt":"El Consejo de la Sociedad Civil (COSOC) es una instancia de participaci\u00f3n ciudadana conformada de manera\u00a0diversa, representativa, pluralista, paritaria y descentralizada. Es de car\u00e1cter\u00a0consultivo, deliberativo y no vinculante. El Consejo Comunal de Organizaciones de la Sociedad Civil de la Sociedad Civil es un \u00f3rgano de participaci\u00f3n ciudadana de la Ilustre Municipalidad de Teno \u2013que reemplaza&hellip;","_links":{"self":[{"href":"https:\/\/www.teno.cl\/portal2\/wp-json\/wp\/v2\/pages\/6003","targetHints":{"allow":["GET"]}}],"collection":[{"href":"https:\/\/www.teno.cl\/portal2\/wp-json\/wp\/v2\/pages"}],"about":[{"href":"https:\/\/www.teno.cl\/portal2\/wp-json\/wp\/v2\/types\/page"}],"author":[{"embeddable":true,"href":"https:\/\/www.teno.cl\/portal2\/wp-json\/wp\/v2\/users\/1"}],"replies":[{"embeddable":true,"href":"https:\/\/www.teno.cl\/portal2\/wp-json\/wp\/v2\/comments?post=6003"}],"version-history":[{"count":12,"href":"https:\/\/www.teno.cl\/portal2\/wp-json\/wp\/v2\/pages\/6003\/revisions"}],"predecessor-version":[{"id":8987,"href":"https:\/\/www.teno.cl\/portal2\/wp-json\/wp\/v2\/pages\/6003\/revisions\/8987"}],"wp:attachment":[{"href":"https:\/\/www.teno.cl\/portal2\/wp-json\/wp\/v2\/media?parent=6003"}],"curies":[{"name":"wp","href":"https:\/\/api.w.org\/{rel}","templated":true}]}}